).
-229
Let b(j) = j**2 + 28*j - 61. Determine b(2).
-1
Let g(p) = 52*p - 126. Calculate g(10).
394
Let v(k) = 53*k + 3937. What is v(-74)?
15
Let b(h) = h**3 - 15*h**2 - 16*h + 29. Give b(16).
29
Let i(m) = -45*m + 2210. Give i(47).
95
Let c(t) = t**3 + 13*t**2 + 5*t - 5. Determine c(-11).
182
Let c(z) = 17*z - 268. Determine c(33).
293
Let s(w) = -370*w - 7417. What is s(-20)?
-17
Let s(v) = 3*v**3 - 112*v**2 + 142*v + 19. What is s(36)?
-53
Let l(n) = -n**2 + 6*n + 30. What is l(9)?
3
Let a(y) = 1586*y + 68197. Calculate a(-43).
-1
Let t(g) = 2*g**2 - 3*g + 7. Calculate t(7).
84
Let r(f) = -f**3 + 24*f**2 + 3*f - 94. Calculate r(24).
-22
Let c(q) = 94*q - 160. Determine c(2).
28
Let q(y) = -6*y + 165. Determine q(20).
45
Let z(c) = c**3 - 26*c**2 - 28*c + 28. Give z(27).
1
Let x(c) = -9*c - 119. What is x(6)?
-173
Let l(a) = a**3 + 117*a**2 + 449*a - 298. Calculate l(-113).
41
Let n(y) = 2*y**3 - 162*y**2 - 159*y - 203. Determine n(82).
207
Let c(d) = -d**2 + 122*d - 3149. What is c(37)?
-4
Let n(i) = i**3 - 11*i**2 - 18*i + 85. Give n(10).
-195
Let u(o) = -o**2 - 314*o + 4248. Give u(13).
-3
Let c(i) = 2*i**3 + 59*i**2 - 152*i + 199. Give c(-32).
-57
Let i(x) = -7*x**3 - 106*x**2 + 94*x - 31. Calculate i(-16).
1
Let t(u) = -14*u - 29. Calculate t(39).
-575
Let w(h) = -65*h - 968. Determine w(-13).
-123
Let k(b) = -35*b + 137. Give k(4).
-3
Let t(c) = 41*c - 4358. What is t(106)?
-12
Let n(t) = -464*t - 929. Give n(-2).
-1
Let c(w) = 18*w**2 + 357*w - 64. Determine c(-20).
-4
Let q(u) = -9*u**2 - 294*u + 3531. What is q(-42)?
3
Let h(v) = -210*v + 105. Determine h(1).
-105
Let o(w) = -26*w - 216. Determine o(-10).
44
Let i(k) = -k**3 + 68*k**2 + 528*k - 228. Calculate i(75).
-3
Let l(d) = -223*d + 7701. What is l(35)?
-104
Let w(m) = m**2 + 22*m - 103. What is w(-33)?
260
Let x(o) = 22*o**3 + 5*o**2 - 16*o - 18. What is x(-1)?
-19
Let d(f) = 2*f**2 - 30*f + 466. Determine d(0).
466
Let t(u) = -u - 83. Determine t(-60).
-23
Let b(f) = -f**2 + 110*f + 560. Determine b(-5).
-15
Let x(r) = -1331*r - 14633. Give x(-11).
8
Let r(q) = 18*q - 62. What is r(9)?
100
Let q(m) = -m**3 + 29*m**2 - 5*m + 162. Determine q(29).
17
Let k(l) = 2*l**2 - 19*l - 63. Give k(10).
-53
Let v(s) = 8*s**2 + 9*s - 22. Give v(2).
28
Let r(v) = 2*v**3 - 89*v**2 - 34*v - 627. Determine r(45).
-132
Let c(j) = -j**3 - 9*j**2 - 7*j - 16. Calculate c(-7).
-65
Let d(w) = 5*w - 1. Give d(7).
34
Let n(o) = o**2 - 31*o + 81. Determine n(14).
-157
Let p(h) = -815*h**2 - 15484*h + 27. Give p(-19).
8
Let r(a) = -a**2 - 47*a - 405. Calculate r(-36).
-9
Let j(x) = 2*x**2 + 144*x + 2504. Calculate j(-42).
-16
Let x(l) = -l**3 - 7*l**2 - 9*l - 29. What is x(-7)?
34
Let q(g) = -525*g + 2100. What is q(4)?
0
Let c(f) = 6*f**3 + 325*f**2 + 27*f - 1459. What is c(-54)?
-1
Let w(c) = -3*c**3 + 25*c**2 - 21*c + 13. Determine w(8).
-91
Let y(o) = 29*o**2 - 216*o - 47. What is y(8)?
81
Let k(s) = -7*s + 113. Calculate k(-7).
162
Let g(o) = o**2 - 12*o - 51. Determine g(-3).
-6
Let r(k) = k**2 + 77*k + 1311. What is r(-48)?
-81
Let c(t) = t**3 - 23*t**2 + 107*t - 74. What is c(17)?
11
Let o(s) = s**3 + 3*s**2 - 33*s + 40. Calculate o(-8).
-16
Let s(y) = 89*y**2 - 1160*y + 10. What is s(13)?
-29
Let s(n) = -2*n**3 + 188*n**2 + 398*n - 1346. What is s(96)?
-2
Let v(l) = -6*l**3 + 27*l**2 - 23*l + 25. Give v(4).
-19
Let f(k) = 7*k**2 + 19*k - 112. Give f(0).
-112
Let w(a) = -2*a**3 - 37*a**2 - 55*a - 51. Give w(-17).
17
Let q(u) = -2*u**2 - 31*u - 324. Calculate q(-12).
-240
Let w(c) = -18*c - 1145. Determine w(-63).
-11
Let p(a) = 23*a - 141. Calculate p(3).
-72
Let u(a) = 3*a**2 + 58*a + 21. Determine u(-18).
-51
Let d(q) = q**2 + 64*q - 2002. Give d(23).
-1
Let a(x) = -42*x - 430. Calculate a(-10).
-10
Let k(v) = v**3 + 53*v**2 + 324*v + 138. Determine k(-46).
46
Let j(k) = 10*k**3 + 3*k**2 - 3*k - 12. What is j(-2)?
-74
Let i(a) = -3*a**3 - 8*a**2 + 67*a - 48. What is i(3)?
0
Let t(c) = 3*c**2 + 148*c + 1118. Give t(-40).
-2
Let b(c) = c**2 + 180*c + 5354. Give b(-39).
-145
Let j(q) = -44*q + 1279. Calculate j(27).
91
Let s(h) = -19*h**2 + 136*h - 25. Determine s(7).
-4
Let c(a) = 23*a**2 + 144*a - 45. Determine c(-9).
522
Let w(u) = 357*u - 768. Determine w(2).
-54
Let s(d) = d**3 - 92*d**2 - 288*d + 283. What is s(95)?
-2
Let x(t) = 6*t**3 - 15*t**2 + 53*t - 165. What is x(3)?
21
Let c(p) = p**3 - 8*p**2 + 6*p - 22. Calculate c(6).
-58
Let o(d) = -3*d**2 + 20*d + 7. Determine o(9).
-56
Let s(x) = -1834*x + 22008. Calculate s(12).
0
Let z(h) = 6*h**2 - 13*h - 875. What is z(-11)?
-6
Let j(u) = -u**3 - 99*u**2 + 218*u + 1662. Give j(-101).
46
Let y(f) = -9*f**3 - 6*f**2 + 18*f + 24. What is y(-5)?
909
Let g(c) = c**2 + 12*c + 35. Determine g(-7).
0
Let x(u) = -u**3 - 53*u**2 + 287*u + 18. What is x(5)?
3
Let b(q) = -10*q**2 - 25*q - 41. Calculate b(-4).
-101
Let q(y) = -2*y**2 - 38*y + 30330. Determine q(114).
6
Let m(o) = -64*o - 250. Calculate m(-5).
70
Let r(x) = 9*x + 129. Calculate r(-28).
-123
Let w(q) = -18*q + 1633. What is w(91)?
-5
Let z(o) = -4*o**2 + 161*o - 214. Give z(39).
-19
Let g(x) = -33*x**2 - 7*x + 29. Determine g(3).
-289
Let t(q) = 2*q**3 + 14*q**2 + 11*q + 63. Calculate t(-7).
-14
Let d(h) = -h**3 - 64*h**2 - 616*h + 413. Calculate d(-52).
-3
Let n(z) = -z**3 + 27*z**2 + 177*z + 213. Give n(-4).
1
Let p(i) = 25*i + 956. Calculate p(-36).
56
Let s(y) = -y**3 - 6*y**2 - 4*y - 65. Determine s(-8).
95
Let n(j) = j**2 - 23*j + 57. Give n(21).
15
Let p(k) = 19*k - 202. Give p(11).
7
Let j(b) = 3*b**2 + 22*b - 9. Determine j(-9).
36
Let n(t) = -4*t**2 - 388*t + 1188. Calculate n(-100).
-12
Let a(i) = 19*i**3 - 4*i**2 - 68*i + 71. Calculate a(1).
18
Let h(j) = -673*j + 3364. Calculate h(5).
-1
Let x(f) = -f**2 + 29*f - 355. What is x(18)?
-157
Let k(m) = 45*m + 373. What is k(-8)?
13
Let o(l) = 2*l**3 + 88*l**2 + 5*l + 215. Calculate o(-44).
-5
Let t(g) = -g**2 - 123*g + 4. Calculate t(0).
4
Let u(k) = -k**2 + 28*k - 157. What is u(28)?
-157
Let p(g) = g**2 - 68*g + 674. Calculate p(11).
47
Let a(j) = -49*j - 587. Calculate a(-15).
148
Let t(m) = -m**3 + 77*m**2 - 2*m + 227. Give t(77).
73
Let w(v) = 2*v**2 + 35*v - 633. Determine w(11).
-6
Let a(l) = 6*l + 201. Calculate a(-63).
-177
Let f(l) = -162*l - 2265. Calculate f(-14).
3
Let i(k) = -3*k**3 + 92*k**2 - 64*k + 141. Calculate i(30).
21
Let s(v) = -1694*v + 52514. Calculate s(31).
0
Let n(i) = -2*i**2 - 2*i + 20. What is n(-7)?
-64
Let x(d) = -18*d + 250. Give x(11).
52
Let p(w) = 75*w + 16. Calculate p(-4).
-284
Let m(l) = l**3 + 15*l**2 - 34*l - 35. What is m(-17)?
-35
Let t(c) = -6*c**2 - 6*c - 9. Give t(-6).
-189
Let q(a) = -a**3 - 37*a**2 - 129*a + 88. Calculate q(-33).
-11
Let j(u) = u**3 - 7*u**2 - 2*u - 13. Give j(7).
-27
Let m(h) = -57*h - 1302. Give m(-22).
-48
Let h(a) = -a**2 + 37*a + 5204. Give h(93).
-4
Let q(n) = 3*n**2 - 138*n + 625. Determine q(41).
10
Let p(k) = -56*k + 171. What is p(3)?
3
Let h(t) = -t**3 + 43*t**2 + 36*t + 10. Calculate h(44).
-342
Let a(p) = p**2 - 120*p - 500. Calculate a(-4).
-4
Let o(g) = -g**2 + 192*g - 14. Calculate o(0).
-14
Let p(k) = 478*k - 26767. What is p(56)?
1
Let v(z) = z**3 + 73*z**2 + 77*z + 377. Calculate v(-72).
17
Let d(j) = -30*j**2 - 8*j - 13. What is d(-3)?
-259
Let b(p) = -19*p**3 - 30*p**2 - 2. Determine b(-1).
-13
Let i(m) = 44*m - 819. Give i(18).
-27
Let j(o) = -67*o - 111. What is j(-3)?
90
Let z(a) = a**3 + 6*a**2 + 27*a - 9. What is z(-5)?
-119
Let j(z) = z**3 - 25*z**2 + 47*z - 20. Give j(23).
3
Let m(k) = -345*k - 7936. What is m(-23)?
-1
Let n(y) = -2*y**3 + 33*y**2 - 21*y + 21. Give n(16).
-59
Let q(f) = -f**3 + 552*f**2 - 5953*f + 26. Give q(11).
4
Let i(m) = -m**2 + 130*m - 3800. Calculate i(85).
25
Let a(q) = -34*q - 1898. Give a(-54).
-62
Let h(p) = -65*p + 6708. Give h(104).
-52
Let r(t) = t**3 - 4*t**2 + 38*t - 375. What is r(8)?
185
Let m(c) = 10*c - 604. Determine m(54).
-64
Let w(b) = 2*b**3 - 9*b**2 + 22*b + 9. Calculate w(4).
81
Let b(l) = -l**2 + 10*l + 86. Calculate b(15).
11
Let f(t) = t**3 + 10*t**2 - 137*t + 320. Determine f(4).
-4
Let i(n) = -6*n**3 + 647*n**2 - 543*n + 851. Determine i(107).
-5
Let v(r) = 66*r - 999. Determine v(15).
-9
Let o(b) = -22*b**2 + 1185*b + 150. What is o(54)?
-12
Let j(k) = k**3 - 21*k**2 + 12*k + 507.